 c(w) = 9*w**3 + 3*w**2 + 15*w + 6. Let t(b) = -4*c(b) + 7*g(b). What is t(-5)?
17
Let t(x) = 7*x**3 + x. Let l(f) = 5*f + 81. Let i be l(-16). Give t(i).
8
Let m(o) be the second derivative of o**4/12 + o**3/6 + 7*o**2/2 + 314*o - 1. Determine m(-5).
27
Suppose -5*b - 34 = -w + 8, 3*w + 34 = -5*b. Let o = b - -9. Let r(y) = o + 0*y + y - 6*y + 2*y. Determine r(2).
-5
Let j = -661 - -669. Let u(g) = g**2 - 8*g - 10. Calculate u(j).
-10
Suppose -14 = -5*f - 2*a + 10, 16 = 5*f - 2*a. Suppose 8*l - 3*l = 4*k + 12, 0 = f*l - 2*k - 12. Let d(b) = -b**2 + 3*b - 2. Calculate d(l).
-6
Let l(c) = 16*c - 94. Let i(w) = -6*w + 39. Let t(q) = -12*i(q) - 5*l(q). Calculate t(7).
-54
Suppose 0 = d - 12*d + 44. Suppose -2*b + 8 = 4*g, 0 = 3*b - 4 - 8. Let n(l) = g*l - 3 - 3*l + l. Give n(d).
-11
Let v(f) be the third derivative of -f**7/840 + f**6/60 - f**5/60 + f**4/8 + 23*f**3/6 - 15*f**2. Let x(y) be the first derivative of v(y). Determine x(6).
-9
Let c be (-7 + 9)*(4/2)/2. Let j(m) be the third derivative of -m**6/360 - m**5/60 + m**4/8 - 2*m**2. Let z(l) be the second derivative of j(l). Determine z(c).
-6
Let m = -260 + 263. Let f(o) = -5*o - 1. Calculate f(m).
-16
Let a(y) be the first derivative of -y + 113. Let m(l) be the first derivative of l**2/2 - 7*l + 1. Let x(t) = -4*a(t) + m(t). What is x(-3)?
-6
Let j(n) = -16*n**3 + n + 15*n**2 - 11*n**2 - 1 + 0*n + 15*n**3. Let d be 0 + (-3)/(-2 - -1). What is j(d)?
11
Let h(b) = -b**3 - 6*b**2 + 3*b - 7. Let g = -181 + 174. Give h(g).
21
Let h(c) = c**3 + 4*c**2 + 5*c + 3. Let x be h(-2). Let i = -5 - x. Let p(l) = l + 8. Calculate p(i).
2
Let d(g) = 19 - 10 + g**3 - 8 - 17*g**2 + 16*g. Let u be d(16). Let i(v) be the second derivative of v**5/4 - v**3/6 + 2*v. Calculate i(u).
4
Let w be 0*-1*(1 + 0). Suppose 2*b - 1 - 3 = w. Let h(v) = 3*v**2 - 3 - 4*v**b - 2 - v. Calculate h(0).
-5
Let o(b) = -b**3 + 5*b**2 + 4*b + 13. Let w be o(6). Let l(x) = x**2 + 2 - 3 + 0*x**2. Give l(w).
0
Let d(f) be the first derivative of -f**3/3 - 2*f**2 + 10*f - 118. Give d(-8).
-22
Let c(n) be the first derivative of -n**3/3 - 2*n**2 - 2*n + 326. What is c(-3)?
1
Let h(x) = 2 - 1183*x**3 + 1184*x**3 + 1 - 28*x - 6*x**2. What is h(9)?
-6
Let q(m) = m**3 + 4*m**2 - 5*m + 5. Let i be q(-5). Let x(u) = 0*u**2 + 6*u - 6 + 2 - u**2. Calculate x(i).
1
Let v be (4/5)/((-28)/(-70)). Let r(k) = -5 - 6*k**v + 2*k + k**3 + 12*k**2 + 0*k. Give r(-6).
-17
Let p(y) = 5*y**2 + 3*y + 3. Let n = 380 - 382. Give p(n).
17
Suppose 2*u - 3 = -1. Let s be -1 + 4/2 + u. Let p(m) = -m + 1. Determine p(s).
-1
Let v(f) be the first derivative of 15*f**2/2 + 5*f + 361. What is v(-3)?
-40
Let t(s) = 5*s - 2. Let f(w) = -7*w + 2. Let o(b) = -5*f(b) - 6*t(b). Determine o(2).
12
Let l(y) be the third derivative of y**7/5040 - 7*y**6/360 - y**5/4 + 16*y**2. Let m(s) be the third derivative of l(s). What is m(7)?
-7
Let c(r) = 11*r - 3. Let z(x) be the first derivative of 6*x**2 - 3*x - 1. Let s(m) = -6*c(m) + 5*z(m). Suppose 3*h = -f + 7, 15*f - 12*f + 5 = 4*h. Give s(h).
-9
Let t(i) = -i**2 + 7*i - 6. Let s(j) = -j**2 + 5 + j**3 + 2*j**2 - 1. Let g be s(0). Suppose -g*a - 16 = -8*a. Determine t(a).
6
Let j(w) be the third derivative of w**5/60 - 3*w**4/8 + 4*w**3/3 + 219*w**2. What is j(7)?
-6
Let v be (4/(-5))/((-4)/(-10)). Let r(n) be the first derivative of n**3 + n**2/2 + n + 12. What is r(v)?
11
Let i(j) = -j**2 + 11*j - 31. Let x(k) = k + 7. Let d(o) = -i(o) - 2*x(o). Calculate d(12).
5
Let m = 69 + -66. Let f(h) = -52*h**2 - 4*h - 5 - 4*h + 59*h**2 - 3 + h**m. Give f(-8).
-8
Let g(j) = 18*j - 99. Let y be g(6). Let a(q) be the first derivative of 1 - 9/2*q**2 + 1/3*q**3 + 6*q. What is a(y)?
6
Let b(j) = j**2 - 4. Let d be 6 - 3/3*2. Suppose -d*l = 0, 4*q - 2*q = 3*l. Determine b(q).
-4
Let x be 4*4/8 - 0. Suppose x*o = -2*o - 8. Let f(c) = 5*c**2 + 2*c. Give f(o).
16
Let n(j) = -13 - 20*j + 35*j - 10*j + 13. What is n(10)?
50
Let n be 2/4 + (3 - 52/8). Let i(p) = p + 3. What is i(n)?
0
Suppose -5 - 10 = -5*z. Let f(y) be the second derivative of -y**3/6 + 7*y**2/2 + 1913*y. What is f(z)?
4
Let z = -8 + 21. Suppose f = -2*n - n - 5, 3*f - z = 5*n. Let q(w) = 8*w**2 - 2*w - 6*w**2 - f + 4*w. Give q(1).
3
Let c(j) = -j**3 + 2*j**2 - 3. Let k(y) = -y**3 - 2*y**2 + 5*y - 1. Let f(u) = -2*c(u) + k(u). Calculate f(5).
5
Let x(t) be the third derivative of -t**5/60 + t**4/3 - 5*t**3/6 + t**2. Suppose k - 13 = 2*f, 0 = 2*k - 0*f - 2*f - 20. Give x(k).
2
Let n(d) = -d**2 + d + 4. Let t = 26 + -22. Determine n(t).
-8
Let l(r) = 470*r - 1401. Let y be l(3). Let u(d) = 6*d + 7*d - d**3 - 6*d + 4 + 8*d**2. What is u(y)?
-14
Let f(u) = -u**2 + 3*u - 12. Let i(a) = -4*a**2 + 12*a - 48. Let m(j) = -9*f(j) + 2*i(j). Let l be m(5). Let v = 20 - l. Let b(t) = -3*t - 3. Calculate b(v).
3
Suppose 2*l - 4 = 4*g - 3*g, -5*g = l - 2. Suppose g*a - 4*a - 24 = 2*j, -1 = 3*j - a. Let b(q) be the first derivative of -5*q**2/2 - 3*q + 60. What is b(j)?
7
Let d(l) = -4*l**2 - 12*l - 5*l**2 + l**2 + 14*l. Determine d(1).
-6
Let j(s) = -38 + 0*s + 4*s - 3*s - 274*s**2 + 275*s**2. Calculate j(0).
-38
Let k(a) = 38*a**2 - 37*a**2 - 2*a - 4*a - 4. Determine k(6).
-4
Let h(f) be the first derivative of -7*f**2 - 12*f + 9*f**2 + 5*f**2 - 7. Let z(i) = 5*i - 4. Let t(j) = 4*h(j) - 11*z(j). Determine t(6).
2
Let b(q) be the first derivative of -23 + 1/2*q**2 + 5*q. Determine b(-5).
0
Suppose 0 = -10*m - 829 + 909. Let p(y) be the third derivative of y**6/120 - 7*y**5/60 - 3*y**4/8 + 2*y**3 - 2*y**2. What is p(m)?
4
Let s(w) be the third derivative of 5*w**4/24 - w**3/6 - 6*w**2 + 7. What is s(3)?
14
Let b(g) be the third derivative of -g**6/40 - g**5/60 + g**4/24 - 4*g**2. Suppose -2*f = -10 + 8. What is b(f)?
-3
Let p(b) be the third derivative of b**4/24 - 5*b**3/3 + 192*b**2. Give p(5).
-5
Let m = -100 - -57. Let b = m + 41. Let u(q) = -2*q**3 - 2*q**2 - 1. What is u(b)?
7
Let d(g) = -7*g**2 + 14*g - 5. Let q be 16/10 + -2 - (-74)/10. Let n(x) = -8*x**2 + 15*x - 6. Let w(f) = q*d(f) - 6*n(f). Give w(5).
16
Let g be -6*(-3 - (-16)/6). Let x be (1/g)/((-8)/(-64)). Let v(h) = 10*h + 4. Let w(s) = 3*s + 1. Let z(i) = 2*v(i) - 7*w(i). Calculate z(x).
-3
Let h(a) be the third derivative of a**5/60 - 5*a**4/24 + 5*a**3/3 - 5*a**2 - 47. Calculate h(3).
4
Suppose -8*v + 2*v + 30 = 0. Let l(n) = n. Let a(w) = 8*w. Let j(o) = v*l(o) + a(o). Calculate j(-1).
-13
Let v(a) = a + 1. Let k(y) = y + 2. Let b(d) = -2*d - 3. Let p(f) = -4*b(f) - 9*k(f). Let n(w) = -p(w) - 5*v(w). Let q be 108/(-24)*2*(-1)/3. Give n(q).
-11
Let u = 2 + -5. Suppose s - 4*s = -6. Let o(t) = 73*t**2 - 72*t**s + 4*t + t + 3. What is o(u)?
-3
Let r(v) = -7*v + 45. Suppose 5 = -5*d + 6*d, -h - 4*d + 26 = 0. Determine r(h).
3
Let j(w) = -2*w - 582 + 5*w**2 + 292 + 290. Let i(b) be the second derivative of -b**4/12 + b**3/6 - b. Let s(x) = 6*i(x) + j(x). Give s(5).
-5
Let s be 2*4/(32/20). Let o(x) = 80 + 83 + x**2 - 4*x + 89 - 252. Give o(s).
5
Let t(w) = -2*w**2 + 26*w + 6. Let h(j) = j**2 - 14*j - 3. Let r(b) = 11*h(b) + 6*t(b). Determine r(-3).
-12
Let j(n) be the first derivative of -n**3/3 + 9*n**2/2 + n - 2688. Let w = -2 + 9. What is j(w)?
15
Let v(z) = -4*z**3 + 3*z**2 + 4*z + 1. Let t(g) = 9*g**3 - 7*g**2 - 11*g - 2. Let q(w) = 2*t(w) + 5*v(w). Let o be (0 - -1) + 0/(-3). What is q(o)?
-2
Suppose -20 = 2*u + 4*l, -5*l - 16 = -l. Let s(j) = -2*j**2 - 1. What is s(u)?
-9
Let k(o) = 7*o**3 + 9*o**2 + 5*o - 6. Let m(h) = 19*h**3 + 26*h**2 + 15*h - 17. Let f(j) = -11*k(j) + 4*m(j). Determine f(5).
23
Let n(p) = p**2 - 6*p. Let i(s) be the first derivative of s**3/3 - 2*s + 4. Let a be i(2). Suppose 0*g = -a*g + 12. What is n(g)?
0
Let z(i) = 9*i + 2. Let r(f) = -15*f + 20*f - 1 + 2. Let m(k) = 7*r(k) - 4*z(k). Give m(1).
-2
Let p(l) = -2*l**2 - 6*l - 3. Let b = 24 + -16. Suppose b = 11*w - 13*w. Give p(w).
-11
Let u(p) = -2*p**3 + 31*p**2 - 22*p + 5. Let s(q) = -q**3 + 16*q**2 - 11*q + 3. Let w(l) = -7*s(l) + 4*u(l). Give w(11).
-1
Let y(l) = -3*l**2 + 4 - 447*l - 2*l**2 - 4*l**2 + 446*l. Calculate y(-3).
-74
Suppose -4*c + 0*c - 16 = 0. Let r(b) be the second derivative of 1/3*b**3 + 0*b**2 - 6*b + 0. What is r(c)?
-8
Let i(c) = -10*c**3 - c**2 - 3*c + 3. Suppose -5*k + 10 = 0, -58*y - 8 = -60*y - 3*k. Calculate i(y)